{"id":169,"date":"2023-07-26T22:21:46","date_gmt":"2023-07-27T01:21:46","guid":{"rendered":"https:\/\/rededecolecoes.ufpa.br\/?page_id=169"},"modified":"2025-01-06T18:46:02","modified_gmt":"2025-01-06T21:46:02","slug":"rede","status":"publish","type":"page","link":"https:\/\/rededecolecoes.ufpa.br\/?page_id=169","title":{"rendered":"Portf\u00f3lio se\u00e7\u00e3o 1"},"content":{"rendered":"\t\t<div data-elementor-type=\"wp-page\" data-elementor-id=\"169\" class=\"elementor elementor-169\">\n\t\t\t\t<div class=\"elementor-element elementor-element-171a99c8 e-flex e-con-boxed e-con e-parent\" data-id=\"171a99c8\" data-element_type=\"container\" data-settings=\"{&quot;background_background&quot;:&quot;gradient&quot;}\">\n\t\t\t\t\t<div class=\"e-con-inner\">\n\t\t\t\t<div class=\"elementor-element elementor-element-7734e1a3 elementor-widget elementor-widget-heading\" data-id=\"7734e1a3\" data-element_type=\"widget\" data-widget_type=\"heading.default\">\n\t\t\t\t<div class=\"elementor-widget-container\">\n\t\t\t<h6 class=\"elementor-heading-title elementor-size-default\">portf\u00f3lio<\/h6>\t\t<\/div>\n\t\t\t\t<\/div>\n\t\t\t\t<div class=\"elementor-element elementor-element-617c63ce elementor-widget elementor-widget-heading\" data-id=\"617c63ce\" data-element_type=\"widget\" data-widget_type=\"heading.default\">\n\t\t\t\t<div class=\"elementor-widget-container\">\n\t\t\t<h1 class=\"elementor-heading-title elementor-size-default\">Rede de Cole\u00e7\u00f5es e Museus da UFPA<\/h1>\t\t<\/div>\n\t\t\t\t<\/div>\n\t\t\t\t<div class=\"elementor-element elementor-element-c3bc902 elementor-widget elementor-widget-heading\" data-id=\"c3bc902\" data-element_type=\"widget\" data-widget_type=\"heading.default\">\n\t\t\t\t<div class=\"elementor-widget-container\">\n\t\t\t<h5 class=\"elementor-heading-title elementor-size-default\">Programa de Extens\u00e3o da Universidade Federal do Par\u00e1<\/h5>\t\t<\/div>\n\t\t\t\t<\/div>\n\t\t\t\t<div class=\"elementor-element elementor-element-28948e83 elementor-align-center elementor-widget elementor-widget-button\" data-id=\"28948e83\" data-element_type=\"widget\" data-widget_type=\"button.default\">\n\t\t\t\t<div class=\"elementor-widget-container\">\n\t\t\t\t\t\t\t<div class=\"elementor-button-wrapper\">\n\t\t\t\t\t<a class=\"elementor-button elementor-button-link elementor-size-sm\" href=\"https:\/\/rededecolecoes.ufpa.br\/?page_id=622\">\n\t\t\t\t\t\t<span class=\"elementor-button-content-wrapper\">\n\t\t\t\t\t\t\t\t\t<span class=\"elementor-button-text\">acesse<\/span>\n\t\t\t\t\t<\/span>\n\t\t\t\t\t<\/a>\n\t\t\t\t<\/div>\n\t\t\t\t\t\t<\/div>\n\t\t\t\t<\/div>\n\t\t\t\t\t<\/div>\n\t\t\t\t<\/div>\n\t\t<div class=\"elementor-element elementor-element-17d4e65e e-con-full e-flex e-con e-parent\" data-id=\"17d4e65e\" data-element_type=\"container\" data-settings=\"{&quot;background_background&quot;:&quot;classic&quot;}\">\n\t\t<div class=\"elementor-element elementor-element-5f12fb84 e-con-full e-flex e-con e-child\" data-id=\"5f12fb84\" data-element_type=\"container\">\n\t\t\t\t<div class=\"elementor-element elementor-element-4ea9cb6c elementor-widget__width-initial elementor-widget elementor-widget-heading\" data-id=\"4ea9cb6c\" data-element_type=\"widget\" data-widget_type=\"heading.default\">\n\t\t\t\t<div class=\"elementor-widget-container\">\n\t\t\t<h1 class=\"elementor-heading-title elementor-size-default\">O que \u00e9 a Rede de Cole\u00e7\u00f5es e Museus da UFPA?<\/h1>\t\t<\/div>\n\t\t\t\t<\/div>\n\t\t\t\t<div class=\"elementor-element elementor-element-2cdffdb elementor-widget elementor-widget-text-editor\" data-id=\"2cdffdb\" data-element_type=\"widget\" data-widget_type=\"text-editor.default\">\n\t\t\t\t<div class=\"elementor-widget-container\">\n\t\t\t\t\t\t\t<div dir=\"auto\">A Rede de Cole\u00e7\u00f5es e Museus da UFPA \u00e9 um programa de Extens\u00e3o da Universidade Federal do Par\u00e1 (UFPA), Vinculado ao curso de Bacharelado em Museologia, na Faculdade de Artes Visuais (FAV), do Instituto de Ci\u00eancias da Arte (ICA). O programa \u00e9 coordenado pela Prof.\u00aa Dr.\u00aa Jessica Lima.<\/div>\t\t\t\t\t\t<\/div>\n\t\t\t\t<\/div>\n\t\t\t\t<\/div>\n\t\t<div class=\"elementor-element elementor-element-6c8f6c00 e-con-full e-flex e-con e-child\" data-id=\"6c8f6c00\" data-element_type=\"container\">\n\t\t\t\t<div class=\"elementor-element elementor-element-621c55d7 elementor-widget elementor-widget-image\" data-id=\"621c55d7\" data-element_type=\"widget\" data-widget_type=\"image.default\">\n\t\t\t\t<div class=\"elementor-widget-container\">\n\t\t\t\t\t\t\t\t\t\t\t\t\t<img fetchpriority=\"high\" decoding=\"async\" width=\"800\" height=\"655\" src=\"https:\/\/rededecolecoes.ufpa.br\/wp-content\/uploads\/2023\/11\/simbolo-redes-e1724297562527-1024x838.png\" class=\"attachment-large size-large wp-image-538\" alt=\"\" srcset=\"https:\/\/rededecolecoes.ufpa.br\/wp-content\/uploads\/2023\/11\/simbolo-redes-e1724297562527-1024x838.png 1024w, https:\/\/rededecolecoes.ufpa.br\/wp-content\/uploads\/2023\/11\/simbolo-redes-e1724297562527-300x246.png 300w, https:\/\/rededecolecoes.ufpa.br\/wp-content\/uploads\/2023\/11\/simbolo-redes-e1724297562527-768x629.png 768w, https:\/\/rededecolecoes.ufpa.br\/wp-content\/uploads\/2023\/11\/simbolo-redes-e1724297562527-1536x1257.png 1536w, https:\/\/rededecolecoes.ufpa.br\/wp-content\/uploads\/2023\/11\/simbolo-redes-e1724297562527.png 1742w\" sizes=\"(max-width: 800px) 100vw, 800px\" \/>\t\t\t\t\t\t\t\t\t\t\t\t\t<\/div>\n\t\t\t\t<\/div>\n\t\t\t\t<\/div>\n\t\t\t\t<\/div>\n\t\t<div class=\"elementor-element elementor-element-7229c67d e-flex e-con-boxed e-con e-parent\" data-id=\"7229c67d\" data-element_type=\"container\" data-settings=\"{&quot;background_background&quot;:&quot;classic&quot;}\">\n\t\t\t\t\t<div class=\"e-con-inner\">\n\t\t<div class=\"elementor-element elementor-element-17994343 e-con-full e-flex e-con e-child\" data-id=\"17994343\" data-element_type=\"container\">\n\t\t<section class=\"elementor-element elementor-element-54777b6b e-con-full e-transform e-flex e-con e-child\" data-id=\"54777b6b\" data-element_type=\"container\" data-settings=\"{&quot;_transform_scale_effect_hover&quot;:{&quot;unit&quot;:&quot;px&quot;,&quot;size&quot;:1.1,&quot;sizes&quot;:[]},&quot;_transform_scale_effect_hover_tablet&quot;:{&quot;unit&quot;:&quot;px&quot;,&quot;size&quot;:&quot;&quot;,&quot;sizes&quot;:[]},&quot;_transform_scale_effect_hover_mobile&quot;:{&quot;unit&quot;:&quot;px&quot;,&quot;size&quot;:&quot;&quot;,&quot;sizes&quot;:[]}}\">\n\t\t\t\t<div class=\"elementor-element elementor-element-4218af03 elementor-widget elementor-widget-image\" data-id=\"4218af03\" data-element_type=\"widget\" data-widget_type=\"image.default\">\n\t\t\t\t<div class=\"elementor-widget-container\">\n\t\t\t\t\t\t\t\t\t\t\t\t\t<img decoding=\"async\" width=\"720\" height=\"478\" src=\"https:\/\/rededecolecoes.ufpa.br\/wp-content\/uploads\/2024\/08\/Screenshot_20240819-141513_Drive.jpg\" class=\"attachment-large size-large wp-image-1181\" alt=\"\" srcset=\"https:\/\/rededecolecoes.ufpa.br\/wp-content\/uploads\/2024\/08\/Screenshot_20240819-141513_Drive.jpg 720w, https:\/\/rededecolecoes.ufpa.br\/wp-content\/uploads\/2024\/08\/Screenshot_20240819-141513_Drive-300x199.jpg 300w\" sizes=\"(max-width: 720px) 100vw, 720px\" \/>\t\t\t\t\t\t\t\t\t\t\t\t\t<\/div>\n\t\t\t\t<\/div>\n\t\t\t\t<div class=\"elementor-element elementor-element-62860adc elementor-widget elementor-widget-image\" data-id=\"62860adc\" data-element_type=\"widget\" data-widget_type=\"image.default\">\n\t\t\t\t<div class=\"elementor-widget-container\">\n\t\t\t\t\t\t\t\t\t\t\t\t\t<img decoding=\"async\" width=\"566\" height=\"482\" src=\"https:\/\/rededecolecoes.ufpa.br\/wp-content\/uploads\/2024\/08\/Screenshot_20240819-140104_Drive-e1724088716608.jpg\" class=\"attachment-large size-large wp-image-1180\" alt=\"\" srcset=\"https:\/\/rededecolecoes.ufpa.br\/wp-content\/uploads\/2024\/08\/Screenshot_20240819-140104_Drive-e1724088716608.jpg 566w, https:\/\/rededecolecoes.ufpa.br\/wp-content\/uploads\/2024\/08\/Screenshot_20240819-140104_Drive-e1724088716608-300x255.jpg 300w\" sizes=\"(max-width: 566px) 100vw, 566px\" \/>\t\t\t\t\t\t\t\t\t\t\t\t\t<\/div>\n\t\t\t\t<\/div>\n\t\t\t\t<\/section>\n\t\t<aside class=\"elementor-element elementor-element-26a6ac8f e-con-full e-transform e-flex e-con e-child\" data-id=\"26a6ac8f\" data-element_type=\"container\" data-settings=\"{&quot;_transform_scale_effect_hover&quot;:{&quot;unit&quot;:&quot;px&quot;,&quot;size&quot;:1.1,&quot;sizes&quot;:[]},&quot;_transform_scale_effect_hover_tablet&quot;:{&quot;unit&quot;:&quot;px&quot;,&quot;size&quot;:&quot;&quot;,&quot;sizes&quot;:[]},&quot;_transform_scale_effect_hover_mobile&quot;:{&quot;unit&quot;:&quot;px&quot;,&quot;size&quot;:&quot;&quot;,&quot;sizes&quot;:[]}}\">\n\t\t\t\t<div class=\"elementor-element elementor-element-1129ade7 elementor-widget elementor-widget-image\" data-id=\"1129ade7\" data-element_type=\"widget\" data-widget_type=\"image.default\">\n\t\t\t\t<div class=\"elementor-widget-container\">\n\t\t\t\t\t\t\t\t\t\t\t\t\t<img loading=\"lazy\" decoding=\"async\" width=\"530\" height=\"481\" src=\"https:\/\/rededecolecoes.ufpa.br\/wp-content\/uploads\/2024\/08\/Screenshot_20240819-135710_Drive-e1724088563465.jpg\" class=\"attachment-large size-large wp-image-1179\" alt=\"\" srcset=\"https:\/\/rededecolecoes.ufpa.br\/wp-content\/uploads\/2024\/08\/Screenshot_20240819-135710_Drive-e1724088563465.jpg 530w, https:\/\/rededecolecoes.ufpa.br\/wp-content\/uploads\/2024\/08\/Screenshot_20240819-135710_Drive-e1724088563465-300x272.jpg 300w\" sizes=\"(max-width: 530px) 100vw, 530px\" \/>\t\t\t\t\t\t\t\t\t\t\t\t\t<\/div>\n\t\t\t\t<\/div>\n\t\t\t\t<div class=\"elementor-element elementor-element-63c13810 elementor-widget elementor-widget-image\" data-id=\"63c13810\" data-element_type=\"widget\" data-widget_type=\"image.default\">\n\t\t\t\t<div class=\"elementor-widget-container\">\n\t\t\t\t\t\t\t\t\t\t\t\t\t<img loading=\"lazy\" decoding=\"async\" width=\"720\" height=\"519\" src=\"https:\/\/rededecolecoes.ufpa.br\/wp-content\/uploads\/2024\/08\/Screenshot_20240819-141700_Drive.jpg\" class=\"attachment-large size-large wp-image-1182\" alt=\"\" srcset=\"https:\/\/rededecolecoes.ufpa.br\/wp-content\/uploads\/2024\/08\/Screenshot_20240819-141700_Drive.jpg 720w, https:\/\/rededecolecoes.ufpa.br\/wp-content\/uploads\/2024\/08\/Screenshot_20240819-141700_Drive-300x216.jpg 300w\" sizes=\"(max-width: 720px) 100vw, 720px\" \/>\t\t\t\t\t\t\t\t\t\t\t\t\t<\/div>\n\t\t\t\t<\/div>\n\t\t\t\t<\/aside>\n\t\t\t\t<\/div>\n\t\t<div class=\"elementor-element elementor-element-5f7f8a67 e-con-full e-flex e-con e-child\" data-id=\"5f7f8a67\" data-element_type=\"container\">\n\t\t\t\t<div class=\"elementor-element elementor-element-6dffc59b elementor-widget elementor-widget-heading\" data-id=\"6dffc59b\" data-element_type=\"widget\" data-widget_type=\"heading.default\">\n\t\t\t\t<div class=\"elementor-widget-container\">\n\t\t\t<h3 class=\"elementor-heading-title elementor-size-default\"> Hist\u00f3rico da Rede\u200b<\/h3>\t\t<\/div>\n\t\t\t\t<\/div>\n\t\t\t\t<div class=\"elementor-element elementor-element-7e55620 elementor-widget elementor-widget-html\" data-id=\"7e55620\" data-element_type=\"widget\" data-widget_type=\"html.default\">\n\t\t\t\t<div class=\"elementor-widget-container\">\n\t\t\t<!DOCTYPE html>\r\n<html lang=\"pt-BR\">\r\n<head>\r\n    <meta charset=\"UTF-8\">\r\n    <meta name=\"viewport\" content=\"width=device-width, initial-scale=1.0\">\r\n    <title>Texto com Efeito de Slide e Pr\u00e9-visualiza\u00e7\u00e3o<\/title>\r\n    <style>\r\n        \/* Estilo do cont\u00eainer de texto *\/\r\n        #text {\r\n            max-height: 155px; \/* Altura inicial para mostrar um pequeno trecho *\/\r\n            overflow: hidden; \/* Esconder conte\u00fado excedente *\/\r\n            transition: max-height .88s ease-in-out; \/* Transi\u00e7\u00e3o suave para altura m\u00e1xima *\/\r\n            background-color: #f9f9f9; \/* Cor de fundo do texto *\/\r\n            border: 1px solid #ddd; \/* Borda ao redor do texto *\/\r\n            padding: 15px; \/* Espa\u00e7amento interno do texto *\/\r\n            font-family: Arial, sans; \/* Fam\u00edlia da fonte *\/\r\n            font-size: 25px; \/* Tamanho da fonte *\/\r\n            color: #333; \/* Cor do texto *\/\r\n            border-radius: 5px; \/* Bordas arredondadas *\/\r\n        }\r\n\r\n        \/* Estilo do bot\u00e3o de altern\u00e2ncia *\/\r\n        #toggle {\r\n            background-color: #007bff; \/* Cor de fundo do bot\u00e3o *\/\r\n            color: #fff; \/* Cor do texto do bot\u00e3o *\/\r\n            font-size: 19px; \/* Tamanho da fonte do bot\u00e3o *\/\r\n            padding: 10px 20px; \/* Espa\u00e7amento interno do bot\u00e3o *\/\r\n            cursor: pointer; \/* Indicador de que o bot\u00e3o \u00e9 clic\u00e1vel *\/\r\n            border: none; \/* Remover borda padr\u00e3o do bot\u00e3o *\/\r\n            border-radius: 5px; \/* Bordas arredondadas *\/\r\n            margin-top: 10px; \/* Espa\u00e7amento superior entre o bot\u00e3o e o texto *\/\r\n            transition: background-color .3s ease; \/* Transi\u00e7\u00e3o suave ao passar o mouse *\/\r\n        }\r\n\r\n        \/* Estilo ao passar o mouse sobre o bot\u00e3o *\/\r\n        #toggle:hover {\r\n            background-color: #0056b3; \/* Cor de fundo do bot\u00e3o ao passar o mouse *\/\r\n        }\r\n    <\/style>\r\n<\/head>\r\n<body>\r\n\r\n    <!-- Cont\u00eainer do texto expans\u00edvel\/contra\u00edvel com efeito de slide -->\r\n    <div id=\"text\">\r\n        <p>\r\n           O programa de Cole\u00e7\u00f5es e Museus da UFPA teve in\u00edcio em 2016, quando a Profa. Dra. Sue Costa coordenou o projeto de monitoria \"Teoria e Pr\u00e1tica Museol\u00f3gica nos Museus de Ci\u00eancias da UFPA\". Em 2019, uma s\u00e9rie de entrevistas foram realizadas com diversos museus da institui\u00e7\u00e3o, incluindo o Museu da UFPA e outros especializados em geoci\u00eancias, anatomia, zoologia e f\u00edsica. No mesmo ano, a Profa. Dra. Wanessa Pires Lott e a muse\u00f3loga Ma\u00edra Santana Airoza, juntamente com a Profa. Dra. Sue Costa, iniciaram um programa de Extens\u00e3o \"Museus e Acervos na Universidade Federal do Par\u00e1 - construindo uma articula\u00e7\u00e3o em rede\" para identificar e analisar as cole\u00e7\u00f5es e museus universit\u00e1rios no campus de Bel\u00e9m\r\nEm fevereiro de 2022, os projetos mencionados foram encerrados devido a dificuldades no acesso \u00e0s informa\u00e7\u00f5es sobre as cole\u00e7\u00f5es universit\u00e1rias e aos impactos da pandemia. A retomada do programa ocorre com o projeto de pesquisa \u201cPol\u00edtica de Gest\u00e3o e Curadoria de Acervos Museol\u00f3gicos na UFPA\u201d, que visa compreender os principais desafios enfrentados pelas cole\u00e7\u00f5es museol\u00f3gicas da UFPA no campos de Bel\u00e9m, abrangendo desde quest\u00f5es de gest\u00e3o at\u00e9 aspectos relacionados \u00e0 preserva\u00e7\u00e3o e divulga\u00e7\u00e3o.<\/p>\r\n    <\/div>\r\n\r\n    <!-- Bot\u00e3o para alternar o estado do texto -->\r\n    <button id=\"toggle\" onclick=\"toggleText()\">Mostrar Mais<\/button>\r\n\r\n    <script>\r\n        function toggleText() {\r\n            var text = document.getElementById(\"text\");\r\n            var toggle = document.getElementById(\"toggle\");\r\n\r\n            \/\/ Verifica se o texto est\u00e1 expandido ou contra\u00eddo\r\n            if (text.style.maxHeight === \"155px\") {\r\n                text.style.maxHeight = text.scrollHeight + \"px\"; \/\/ Expande o texto para mostrar todo o conte\u00fado\r\n                toggle.innerHTML = \"Mostrar Menos\"; \/\/ Altera o texto do bot\u00e3o\r\n            } else {\r\n                text.style.maxHeight = \"155px\"; \/\/ Recolhe o texto para mostrar apenas o pequeno trecho\r\n                toggle.innerHTML = \"Mostrar Mais\"; \/\/ Altera o texto do bot\u00e3o\r\n            }\r\n        }\r\n    <\/script>\r\n\r\n<\/body>\r\n<\/html>\r\n\t\t<\/div>\n\t\t\t\t<\/div>\n\t\t\t\t<\/div>\n\t\t\t\t\t<\/div>\n\t\t\t\t<\/div>\n\t\t<div class=\"elementor-element elementor-element-3b92da6 e-grid e-con-full e-con e-parent\" data-id=\"3b92da6\" data-element_type=\"container\" data-settings=\"{&quot;background_background&quot;:&quot;classic&quot;}\">\n\t\t\t\t<div class=\"elementor-element elementor-element-00d3433 elementor-widget__width-initial elementor-position-top elementor-widget elementor-widget-image-box\" data-id=\"00d3433\" data-element_type=\"widget\" data-widget_type=\"image-box.default\">\n\t\t\t\t<div class=\"elementor-widget-container\">\n\t\t\t<div class=\"elementor-image-box-wrapper\"><figure class=\"elementor-image-box-img\"><img loading=\"lazy\" decoding=\"async\" width=\"2048\" height=\"1724\" src=\"https:\/\/rededecolecoes.ufpa.br\/wp-content\/uploads\/2023\/11\/IMG_3947-2048x1724.jpg\" class=\"attachment-2048x2048 size-2048x2048 wp-image-794\" alt=\"\" srcset=\"https:\/\/rededecolecoes.ufpa.br\/wp-content\/uploads\/2023\/11\/IMG_3947-2048x1724.jpg 2048w, https:\/\/rededecolecoes.ufpa.br\/wp-content\/uploads\/2023\/11\/IMG_3947-300x253.jpg 300w, https:\/\/rededecolecoes.ufpa.br\/wp-content\/uploads\/2023\/11\/IMG_3947-1024x862.jpg 1024w, https:\/\/rededecolecoes.ufpa.br\/wp-content\/uploads\/2023\/11\/IMG_3947-768x647.jpg 768w, https:\/\/rededecolecoes.ufpa.br\/wp-content\/uploads\/2023\/11\/IMG_3947-1536x1293.jpg 1536w, https:\/\/rededecolecoes.ufpa.br\/wp-content\/uploads\/2023\/11\/elementor\/thumbs\/IMG_3947-scaled-qfll3477ra9cst22v5t08721ti9cmnk4j8wqtrkjra.jpg 7w\" sizes=\"(max-width: 2048px) 100vw, 2048px\" \/><\/figure><div class=\"elementor-image-box-content\"><h3 class=\"elementor-image-box-title\">1. Mapeamento e Classifica\u00e7\u00e3o das Cole\u00e7\u00f5es<\/h3><p class=\"elementor-image-box-description\">A Museologia atua na Rede de Cole\u00e7\u00f5es e Museus da UFPA por meio de projetos que mapeiam as cole\u00e7\u00f5es da universidade, com \u00eanfase no campus Bel\u00e9m. Isso \u00e9 essencial para a organiza\u00e7\u00e3o e gest\u00e3o dos acervos, proporcionando uma vis\u00e3o clara do patrim\u00f4nio dispon\u00edvel.<\/p><\/div><\/div>\t\t<\/div>\n\t\t\t\t<\/div>\n\t\t\t\t<div class=\"elementor-element elementor-element-9ff7c1a elementor-position-top elementor-widget elementor-widget-image-box\" data-id=\"9ff7c1a\" data-element_type=\"widget\" data-widget_type=\"image-box.default\">\n\t\t\t\t<div class=\"elementor-widget-container\">\n\t\t\t<div class=\"elementor-image-box-wrapper\"><figure class=\"elementor-image-box-img\"><img loading=\"lazy\" decoding=\"async\" width=\"396\" height=\"347\" src=\"https:\/\/rededecolecoes.ufpa.br\/wp-content\/uploads\/2024\/08\/Rede-rt.jpg\" class=\"attachment-full size-full wp-image-1238\" alt=\"\" srcset=\"https:\/\/rededecolecoes.ufpa.br\/wp-content\/uploads\/2024\/08\/Rede-rt.jpg 396w, https:\/\/rededecolecoes.ufpa.br\/wp-content\/uploads\/2024\/08\/Rede-rt-300x263.jpg 300w\" sizes=\"(max-width: 396px) 100vw, 396px\" \/><\/figure><div class=\"elementor-image-box-content\"><h3 class=\"elementor-image-box-title\">2.Gest\u00e3o e Curadoria de Acervos Museol\u00f3gicos<\/h3><p class=\"elementor-image-box-description\">Sendo um curso interdisciplinar, a Museologia oferece conhecimentos fundamentais em gest\u00e3o e curadoria de acervos museol\u00f3gicos e culturais. Isso inclui a implementa\u00e7\u00e3o de metodologias que identificam cole\u00e7\u00f5es com potencial museol\u00f3gico, o que auxilia na preserva\u00e7\u00e3o do patrim\u00f4nio e no desenvolvimento de pesquisas interdisciplinares.\n\n<\/p><\/div><\/div>\t\t<\/div>\n\t\t\t\t<\/div>\n\t\t\t\t<div class=\"elementor-element elementor-element-9fa2318 elementor-position-top elementor-widget elementor-widget-image-box\" data-id=\"9fa2318\" data-element_type=\"widget\" data-widget_type=\"image-box.default\">\n\t\t\t\t<div class=\"elementor-widget-container\">\n\t\t\t<div class=\"elementor-image-box-wrapper\"><figure class=\"elementor-image-box-img\"><img loading=\"lazy\" decoding=\"async\" width=\"1056\" height=\"901\" src=\"https:\/\/rededecolecoes.ufpa.br\/wp-content\/uploads\/2024\/08\/IMG-20240430-WA0070-e1724121846448.jpg\" class=\"attachment-full size-full wp-image-1184\" alt=\"\" srcset=\"https:\/\/rededecolecoes.ufpa.br\/wp-content\/uploads\/2024\/08\/IMG-20240430-WA0070-e1724121846448.jpg 1056w, https:\/\/rededecolecoes.ufpa.br\/wp-content\/uploads\/2024\/08\/IMG-20240430-WA0070-e1724121846448-300x256.jpg 300w, https:\/\/rededecolecoes.ufpa.br\/wp-content\/uploads\/2024\/08\/IMG-20240430-WA0070-e1724121846448-1024x874.jpg 1024w, https:\/\/rededecolecoes.ufpa.br\/wp-content\/uploads\/2024\/08\/IMG-20240430-WA0070-e1724121846448-768x655.jpg 768w\" sizes=\"(max-width: 1056px) 100vw, 1056px\" \/><\/figure><div class=\"elementor-image-box-content\"><h3 class=\"elementor-image-box-title\">3.Conserva\u00e7\u00e3o Preventiva e Gest\u00e3o de Acervos<\/h3><p class=\"elementor-image-box-description\">  A expertise em conserva\u00e7\u00e3o preventiva e gest\u00e3o de acervos \u00e9 uma das principais contribui\u00e7\u00f5es da Museologia. Essas habilidades s\u00e3o vitais para garantir a preserva\u00e7\u00e3o e promo\u00e7\u00e3o adequada dos acervos.\n<\/p><\/div><\/div>\t\t<\/div>\n\t\t\t\t<\/div>\n\t\t\t\t<div class=\"elementor-element elementor-element-31bd699 elementor-position-top elementor-widget elementor-widget-image-box\" data-id=\"31bd699\" data-element_type=\"widget\" data-widget_type=\"image-box.default\">\n\t\t\t\t<div class=\"elementor-widget-container\">\n\t\t\t<div class=\"elementor-image-box-wrapper\"><figure class=\"elementor-image-box-img\"><img loading=\"lazy\" decoding=\"async\" width=\"458\" height=\"392\" src=\"https:\/\/rededecolecoes.ufpa.br\/wp-content\/uploads\/2024\/08\/Screenshot_20240819-135319_Instagram-e1724124273953.jpg\" class=\"attachment-full size-full wp-image-1183\" alt=\"\" srcset=\"https:\/\/rededecolecoes.ufpa.br\/wp-content\/uploads\/2024\/08\/Screenshot_20240819-135319_Instagram-e1724124273953.jpg 458w, https:\/\/rededecolecoes.ufpa.br\/wp-content\/uploads\/2024\/08\/Screenshot_20240819-135319_Instagram-e1724124273953-300x257.jpg 300w\" sizes=\"(max-width: 458px) 100vw, 458px\" \/><\/figure><div class=\"elementor-image-box-content\"><h3 class=\"elementor-image-box-title\"> 4.Forma\u00e7\u00e3o e Media\u00e7\u00e3o Cultural<\/h3><p class=\"elementor-image-box-description\">  As atividades da Museologia incluem pr\u00e1ticas e discuss\u00f5es te\u00f3ricas que melhoram a forma\u00e7\u00e3o dos estudantes e a gest\u00e3o dos museus da universidade. A media\u00e7\u00e3o cultural proporcionada pelo curso \u00e9 crucial para tornar os acervos mais acess\u00edveis e interessantes para a comunidade, promovendo a educa\u00e7\u00e3o e o engajamento cultural.<\/p><\/div><\/div>\t\t<\/div>\n\t\t\t\t<\/div>\n\t\t\t\t<\/div>\n\t\t<div class=\"elementor-element elementor-element-3526e84 e-flex e-con-boxed e-con e-parent\" data-id=\"3526e84\" data-element_type=\"container\">\n\t\t\t\t\t<div class=\"e-con-inner\">\n\t\t\t\t\t<\/div>\n\t\t\t\t<\/div>\n\t\t\t\t<\/div>\n\t\t","protected":false},"excerpt":{"rendered":"<p>portf\u00f3lio Rede de Cole\u00e7\u00f5es e Museus da UFPA Programa de Extens\u00e3o da Universidade Federal do Par\u00e1 acesse O que \u00e9 a Rede de Cole\u00e7\u00f5es e Museus da UFPA? A Rede de Cole\u00e7\u00f5es e Museus da UFPA \u00e9 um programa de Extens\u00e3o da Universidade Federal do Par\u00e1 (UFPA), Vinculado ao curso de Bacharelado em Museologia, na [&hellip;]<\/p>\n","protected":false},"author":1,"featured_media":0,"parent":0,"menu_order":0,"comment_status":"closed","ping_status":"closed","template":"","meta":{"footnotes":""},"class_list":["post-169","page","type-page","status-publish","hentry"],"_links":{"self":[{"href":"https:\/\/rededecolecoes.ufpa.br\/index.php?rest_route=\/wp\/v2\/pages\/169","targetHints":{"allow":["GET"]}}],"collection":[{"href":"https:\/\/rededecolecoes.ufpa.br\/index.php?rest_route=\/wp\/v2\/pages"}],"about":[{"href":"https:\/\/rededecolecoes.ufpa.br\/index.php?rest_route=\/wp\/v2\/types\/page"}],"author":[{"embeddable":true,"href":"https:\/\/rededecolecoes.ufpa.br\/index.php?rest_route=\/wp\/v2\/users\/1"}],"replies":[{"embeddable":true,"href":"https:\/\/rededecolecoes.ufpa.br\/index.php?rest_route=%2Fwp%2Fv2%2Fcomments&post=169"}],"version-history":[{"count":159,"href":"https:\/\/rededecolecoes.ufpa.br\/index.php?rest_route=\/wp\/v2\/pages\/169\/revisions"}],"predecessor-version":[{"id":1928,"href":"https:\/\/rededecolecoes.ufpa.br\/index.php?rest_route=\/wp\/v2\/pages\/169\/revisions\/1928"}],"wp:attachment":[{"href":"https:\/\/rededecolecoes.ufpa.br\/index.php?rest_route=%2Fwp%2Fv2%2Fmedia&parent=169"}],"curies":[{"name":"wp","href":"https:\/\/api.w.org\/{rel}","templated":true}]}}