{"id":923,"date":"2024-03-12T14:32:14","date_gmt":"2024-03-12T17:32:14","guid":{"rendered":"https:\/\/rededecolecoes.ufpa.br\/?page_id=923"},"modified":"2024-03-21T14:47:54","modified_gmt":"2024-03-21T17:47:54","slug":"podcast","status":"publish","type":"page","link":"https:\/\/rededecolecoes.ufpa.br\/?page_id=923","title":{"rendered":"Podcast"},"content":{"rendered":"\t\t<div data-elementor-type=\"wp-page\" data-elementor-id=\"923\" class=\"elementor elementor-923\">\n\t\t\t\t<div class=\"elementor-element elementor-element-d6c09c5 e-flex e-con-boxed e-con e-parent\" data-id=\"d6c09c5\" data-element_type=\"container\">\n\t\t\t\t\t<div class=\"e-con-inner\">\n\t\t\t\t<div class=\"elementor-element elementor-element-b4e3411 elementor-widget elementor-widget-image\" data-id=\"b4e3411\" data-element_type=\"widget\" data-widget_type=\"image.default\">\n\t\t\t\t<div class=\"elementor-widget-container\">\n\t\t\t\t\t\t\t\t\t\t\t\t\t<img fetchpriority=\"high\" decoding=\"async\" width=\"800\" height=\"305\" src=\"https:\/\/rededecolecoes.ufpa.br\/wp-content\/uploads\/2024\/03\/acervo-op-2-1024x391.png\" class=\"attachment-large size-large wp-image-948\" alt=\"\" srcset=\"https:\/\/rededecolecoes.ufpa.br\/wp-content\/uploads\/2024\/03\/acervo-op-2-1024x391.png 1024w, https:\/\/rededecolecoes.ufpa.br\/wp-content\/uploads\/2024\/03\/acervo-op-2-300x115.png 300w, https:\/\/rededecolecoes.ufpa.br\/wp-content\/uploads\/2024\/03\/acervo-op-2-768x294.png 768w, https:\/\/rededecolecoes.ufpa.br\/wp-content\/uploads\/2024\/03\/acervo-op-2-1536x587.png 1536w, https:\/\/rededecolecoes.ufpa.br\/wp-content\/uploads\/2024\/03\/acervo-op-2-2048x783.png 2048w\" sizes=\"(max-width: 800px) 100vw, 800px\" \/>\t\t\t\t\t\t\t\t\t\t\t\t\t<\/div>\n\t\t\t\t<\/div>\n\t\t\t\t\t<\/div>\n\t\t\t\t<\/div>\n\t\t<div class=\"elementor-element elementor-element-377c144 e-flex e-con-boxed e-con e-parent\" data-id=\"377c144\" data-element_type=\"container\">\n\t\t\t\t\t<div class=\"e-con-inner\">\n\t\t\t\t<div class=\"elementor-element elementor-element-bbd8f84 elementor-widget elementor-widget-heading\" data-id=\"bbd8f84\" data-element_type=\"widget\" data-widget_type=\"heading.default\">\n\t\t\t\t<div class=\"elementor-widget-container\">\n\t\t\t<h2 class=\"elementor-heading-title elementor-size-default\">Bem-vindos \u00e0 p\u00e1gina do Podcast da Rede de Cole\u00e7\u00f5es e Museus da UFPA:<\/h2>\t\t<\/div>\n\t\t\t\t<\/div>\n\t\t\t\t\t<\/div>\n\t\t\t\t<\/div>\n\t\t<div class=\"elementor-element elementor-element-cb29801 e-flex e-con-boxed e-con e-parent\" data-id=\"cb29801\" data-element_type=\"container\">\n\t\t\t\t\t<div class=\"e-con-inner\">\n\t\t\t\t<div class=\"elementor-element elementor-element-487e23f elementor-widget elementor-widget-text-editor\" data-id=\"487e23f\" data-element_type=\"widget\" data-widget_type=\"text-editor.default\">\n\t\t\t\t<div class=\"elementor-widget-container\">\n\t\t\t\t\t\t\t<p><span style=\"font-weight: 400;\">Voc\u00ea chegou \u00e0 p\u00e1gina dos nossos Tesouros universit\u00e1rios na Amaz\u00f4nia, onde embarcar\u00e1 em uma jornada sonora envolvente e super importante sobre o que acontece no mundo dos patrim\u00f4nios universit\u00e1rios. Aqui voc\u00ea encontrar\u00e1 uma s\u00e9rie de epis\u00f3dios que exploram o rico patrim\u00f4nio cultural e cient\u00edfico da UFPA.<\/span><\/p><p><span style=\"font-weight: 400;\">Nossos epis\u00f3dios apresentam conversas fascinantes com especialistas, curadores e pesquisadores, oferecendo uma vis\u00e3o \u00fanica dos bastidores de nossas cole\u00e7\u00f5es e museus. E tudo isso<\/span> <span style=\"font-weight: 400;\">do conforto da tua casa.\u00a0<\/span><\/p>\t\t\t\t\t\t<\/div>\n\t\t\t\t<\/div>\n\t\t\t\t\t<\/div>\n\t\t\t\t<\/div>\n\t\t<div class=\"elementor-element elementor-element-4832f38 e-flex e-con-boxed e-con e-parent\" data-id=\"4832f38\" data-element_type=\"container\">\n\t\t\t\t\t<div class=\"e-con-inner\">\n\t\t\t\t<div class=\"elementor-element elementor-element-63235c1 elementor-widget elementor-widget-heading\" data-id=\"63235c1\" data-element_type=\"widget\" data-widget_type=\"heading.default\">\n\t\t\t\t<div class=\"elementor-widget-container\">\n\t\t\t<h2 class=\"elementor-heading-title elementor-size-default\">Descubra o Patrim\u00f4nio Cultural e Cient\u00edfico da UFPA:<\/h2>\t\t<\/div>\n\t\t\t\t<\/div>\n\t\t\t\t\t<\/div>\n\t\t\t\t<\/div>\n\t\t<div class=\"elementor-element elementor-element-9eaf0d0 e-flex e-con-boxed e-con e-parent\" data-id=\"9eaf0d0\" data-element_type=\"container\">\n\t\t\t\t\t<div class=\"e-con-inner\">\n\t\t\t\t<div class=\"elementor-element elementor-element-f74a562 elementor-widget elementor-widget-text-editor\" data-id=\"f74a562\" data-element_type=\"widget\" data-widget_type=\"text-editor.default\">\n\t\t\t\t<div class=\"elementor-widget-container\">\n\t\t\t\t\t\t\t<p><span style=\"font-weight: 400;\">Como uma janela para o vasto mundo das cole\u00e7\u00f5es universit\u00e1rias, nosso podcast traz informa\u00e7\u00f5es para integrar os conhecimentos mais valiosos para a museologia e tamb\u00e9m os demais cursos. Contribu\u00edmos para gerar conte\u00fado de pe\u00e7as que fazem parte de nossa cultura.<\/span><\/p>\t\t\t\t\t\t<\/div>\n\t\t\t\t<\/div>\n\t\t\t\t\t<\/div>\n\t\t\t\t<\/div>\n\t\t<div class=\"elementor-element elementor-element-4cd4f4e e-flex e-con-boxed e-con e-parent\" data-id=\"4cd4f4e\" data-element_type=\"container\">\n\t\t\t\t\t<div class=\"e-con-inner\">\n\t\t\t\t<div class=\"elementor-element elementor-element-8e79881 elementor-widget elementor-widget-heading\" data-id=\"8e79881\" data-element_type=\"widget\" data-widget_type=\"heading.default\">\n\t\t\t\t<div class=\"elementor-widget-container\">\n\t\t\t<h2 class=\"elementor-heading-title elementor-size-default\">Explore Nossos Epis\u00f3dios:<\/h2>\t\t<\/div>\n\t\t\t\t<\/div>\n\t\t\t\t\t<\/div>\n\t\t\t\t<\/div>\n\t\t<div class=\"elementor-element elementor-element-d82e1ab e-flex e-con-boxed e-con e-parent\" data-id=\"d82e1ab\" data-element_type=\"container\">\n\t\t\t\t\t<div class=\"e-con-inner\">\n\t\t\t\t<div class=\"elementor-element elementor-element-a9d314f elementor-widget elementor-widget-text-editor\" data-id=\"a9d314f\" data-element_type=\"widget\" data-widget_type=\"text-editor.default\">\n\t\t\t\t<div class=\"elementor-widget-container\">\n\t\t\t\t\t\t\t<p><span style=\"font-weight: 400;\">Nossos epis\u00f3dios abrangem uma ampla gama de t\u00f3picos, desde arqueologia e hist\u00f3ria at\u00e9 arte contempor\u00e2nea e ci\u00eancia. Cada epis\u00f3dio \u00e9 cuidadosamente produzido para oferecer experi\u00eancias educativas e \u00edmpares de tem\u00e1ticas museais.<\/span><\/p>\t\t\t\t\t\t<\/div>\n\t\t\t\t<\/div>\n\t\t\t\t\t<\/div>\n\t\t\t\t<\/div>\n\t\t<div class=\"elementor-element elementor-element-2039a30 e-flex e-con-boxed e-con e-parent\" data-id=\"2039a30\" data-element_type=\"container\">\n\t\t\t\t\t<div class=\"e-con-inner\">\n\t\t\t\t<div class=\"elementor-element elementor-element-770f481 elementor-widget elementor-widget-heading\" data-id=\"770f481\" data-element_type=\"widget\" data-widget_type=\"heading.default\">\n\t\t\t\t<div class=\"elementor-widget-container\">\n\t\t\t<h2 class=\"elementor-heading-title elementor-size-default\">O \u201cAcervos em Rede: Tesouros universit\u00e1rios da Amaz\u00f4nia\u201d est\u00e1 dispon\u00edvel no Spotify.<\/h2>\t\t<\/div>\n\t\t\t\t<\/div>\n\t\t\t\t\t<\/div>\n\t\t\t\t<\/div>\n\t\t<div class=\"elementor-element elementor-element-f8b48be e-flex e-con-boxed e-con e-parent\" data-id=\"f8b48be\" data-element_type=\"container\">\n\t\t\t\t\t<div class=\"e-con-inner\">\n\t\t\t\t<div class=\"elementor-element elementor-element-dbc191b elementor-align-center elementor-widget elementor-widget-button\" data-id=\"dbc191b\" data-element_type=\"widget\" data-widget_type=\"button.default\">\n\t\t\t\t<div class=\"elementor-widget-container\">\n\t\t\t\t\t\t\t<div class=\"elementor-button-wrapper\">\n\t\t\t\t\t<a class=\"elementor-button elementor-button-link elementor-size-sm\" href=\"https:\/\/open.spotify.com\/show\/3puUv6KJ4Ys1lE8WJIsVvs\">\n\t\t\t\t\t\t<span class=\"elementor-button-content-wrapper\">\n\t\t\t\t\t\t\t\t\t<span class=\"elementor-button-text\">Ou\u00e7a Aqui!<\/span>\n\t\t\t\t\t<\/span>\n\t\t\t\t\t<\/a>\n\t\t\t\t<\/div>\n\t\t\t\t\t\t<\/div>\n\t\t\t\t<\/div>\n\t\t\t\t\t<\/div>\n\t\t\t\t<\/div>\n\t\t\t\t<\/div>\n\t\t","protected":false},"excerpt":{"rendered":"<p>Bem-vindos \u00e0 p\u00e1gina do Podcast da Rede de Cole\u00e7\u00f5es e Museus da UFPA: Voc\u00ea chegou \u00e0 p\u00e1gina dos nossos Tesouros universit\u00e1rios na Amaz\u00f4nia, onde embarcar\u00e1 em uma jornada sonora envolvente e super importante sobre o que acontece no mundo dos patrim\u00f4nios universit\u00e1rios. Aqui voc\u00ea encontrar\u00e1 uma s\u00e9rie de epis\u00f3dios que exploram o rico patrim\u00f4nio cultural [&hellip;]<\/p>\n","protected":false},"author":1,"featured_media":0,"parent":0,"menu_order":0,"comment_status":"closed","ping_status":"closed","template":"","meta":{"footnotes":""},"class_list":["post-923","page","type-page","status-publish","hentry"],"_links":{"self":[{"href":"https:\/\/rededecolecoes.ufpa.br\/index.php?rest_route=\/wp\/v2\/pages\/923","targetHints":{"allow":["GET"]}}],"collection":[{"href":"https:\/\/rededecolecoes.ufpa.br\/index.php?rest_route=\/wp\/v2\/pages"}],"about":[{"href":"https:\/\/rededecolecoes.ufpa.br\/index.php?rest_route=\/wp\/v2\/types\/page"}],"author":[{"embeddable":true,"href":"https:\/\/rededecolecoes.ufpa.br\/index.php?rest_route=\/wp\/v2\/users\/1"}],"replies":[{"embeddable":true,"href":"https:\/\/rededecolecoes.ufpa.br\/index.php?rest_route=%2Fwp%2Fv2%2Fcomments&post=923"}],"version-history":[{"count":17,"href":"https:\/\/rededecolecoes.ufpa.br\/index.php?rest_route=\/wp\/v2\/pages\/923\/revisions"}],"predecessor-version":[{"id":1119,"href":"https:\/\/rededecolecoes.ufpa.br\/index.php?rest_route=\/wp\/v2\/pages\/923\/revisions\/1119"}],"wp:attachment":[{"href":"https:\/\/rededecolecoes.ufpa.br\/index.php?rest_route=%2Fwp%2Fv2%2Fmedia&parent=923"}],"curies":[{"name":"wp","href":"https:\/\/api.w.org\/{rel}","templated":true}]}}